03 prime?
False
Is 13927059149 a prime number?
True
Is 8011720699 a prime number?
False
Is 14769822157 composite?
False
Is 298604411 a prime number?
False
Is 9193914469 a prime number?
True
Is 94256383 prime?
False
Is 100220046733 a composite number?
False
Is 475177484201 composite?
True
Is 2099589487 composite?
False
Is 1725433811 a composite number?
True
Is 17866073803 a prime number?
True
Is 4476129047 a composite number?
True
Is 7381716263 prime?
True
Is 54486542519 composite?
True
Is 311091037 prime?
True
Is 2213026993 a prime number?
False
Is 5265218431 prime?
False
Is 297924611 a prime number?
True
Is 271465582 a prime number?
False
Is 165046364353 a composite number?
True
Is 172717801 composite?
False
Is 91417087 a prime number?
True
Is 14109991633 prime?
True
Is 12072498145 prime?
False
Is 303351889 prime?
False
Is 440876221123 a prime number?
False
Is 2595130169 a composite number?
True
Is 264699929 a composite number?
True
Is 921621973 prime?
True
Is 9281008531 a composite number?
False
Is 4479977327 a composite number?
True
Is 1695937849 a composite number?
True
Is 31175921743 a composite number?
True
Is 8816056493 a prime number?
True
Is 14331800707 a prime number?
False
Is 55808527 a composite number?
False
Is 1029395711 a prime number?
True
Is 36445793 composite?
False
Is 9020002331 composite?
False
Is 15660516493 composite?
False
Is 11412695189 prime?
False
Is 371364803 prime?
True
Is 245051837 a prime number?
True
Is 1844780759 prime?
True
Is 52799196901 composite?
True
Is 2962214843 a prime number?
False
Is 3781729937 a composite number?
True
Is 344559923 a composite number?
False
Is 599168573 a composite number?
False
Is 58475520062 a prime number?
False
Is 15471728054 composite?
True
Is 88982511923 composite?
True
Is 4278909431 a composite number?
False
Is 733008157 composite?
True
Is 2516577187 a prime number?
True
Is 68710273 a prime number?
True
Is 310263929 a prime number?
True
Is 4793856853 composite?
True
Is 116071337 a composite number?
True
Is 406465505 composite?
True
Is 1280575631 composite?
False
Is 28449091549 prime?
False
Is 11290271 composite?
False
Is 13383449153 a prime number?
True
Is 666204139 composite?
False
Is 3415332218 a prime number?
False
Is 1170942433 composite?
True
Is 618762343 composite?
True
Is 691507931 a composite number?
False
Is 28406856067 composite?
True
Is 114057378923 composite?
True
Is 4122501505 a composite number?
True
Is 75473196151 prime?
True
Is 160304533 composite?
True
Is 8996274103 composite?
True
Is 1158945101 a composite number?
False
Is 17673337505 composite?
True
Is 33233116867 a composite number?
True
Is 7554445361 a composite number?
False
Is 2441072957 composite?
False
Is 10204358683 a prime number?
True
Is 17108536099 composite?
False
Is 1970261693 composite?
True
Is 5450446429 prime?
True
Is 14936209087 composite?
False
Is 7822906243 a prime number?
True
Is 2051849999 a prime number?
False
Is 2083359485 a composite number?
True
Is 126092741 a prime number?
True
Is 14146714853 composite?
True
Is 33813524029 composite?
False
Is 1099019353 a composite number?
True
Is 134179022 prime?
False
Is 145141429 a prime number?
True
Is 59474272259 a composite number?
False
Is 1816972841 composite?
False
Is 5634975251 prime?
True
Is 57504278729 prime?
True
Is 1092411433 composite?
False
Is 6139664591 a composite number?
False
Is 1952128091 a composite number?
False
Is 2988302321 prime?
True
Is 477282073 composite?
True
Is 290573638 prime?
False
Is 173046101 a composite number?
False
Is 155320325401 prime?
True
Is 139933332581 a prime number?
False
Is 64615962077 a composite number?
False
Is 62371007 composite?
False
Is 23367771149 prime?
True
Is 5524273039 a prime number?
False
Is 24018647711 prime?
False
Is 522806897 composite?
True
Is 20097256667 prime?
False
Is 7283270363 composite?
True
Is 74648294711 prime?
False
Is 2532317869 composite?
False
Is 12640008551 prime?
False
Is 1016638367 composite?
True
Is 53180201699 prime?
True
Is 225896441233 a prime number?
True
Is 197774372197 composite?
False
Is 27695956307 a composite number?
True
Is 33142962577 composite?
False
Is 521539127 a prime number?
True
Is 80470496381 a composite number?
True
Is 6936171769 composite?
False
Is 25731708973 a prime number?
True
Is 1034810747 composite?
True
Is 7344813959 composite?
True
Is 18010905193 composite?
True
Is 28024920353 composite?
False
Is 2857022327 a composite number?
False
Is 530563819 a prime number?
False
Is 402723817 a composite number?
True
Is 1733903827 composite?
True
Is 1103402413 composite?
False
Is 10119764801 a prime number?
True
Is 3356144837 a prime number?
True
Is 86729845 a prime number?
False
Is 640385609 composite?
False
Is 362983857 a composite number?
True
Is 4069221919 composite?
True
Is 20546867 a prime number?
False
Is 30971436161 a prime number?
False
Is 5504220287 a prime number?
True
Is 785641837 a prime number?
True
Is 4861566223 prime?
False
Is 205496371 a composite number?
False
Is 88785511707 a composite number?
True
Is 28154225651 composite?
False
Is 11742257591 a prime number?
True
Is 18248832821 a composite number?
False
Is 5148876839 a prime number?
False
Is 2368457317 prime?
True
Is 270122167 a composite number?
True
Is 16614004087 a prime number?
False
Is 451996733 a prime number?
True
Is 38664533743 prime?
False
Is 36715253123 prime?
True
Is 353324787641 a prime number?
False
Is 210883733 a prime number?
False
Is 93385279601 prime?
True
Is 4796625991 a composite number?
True
Is 46590861953 a prime number?
False
Is 142078219 composite?
True
Is 123953483 composite?
False
Is 1578318713 prime?
False
Is 15694234627 a prime number?
True
Is 70854406647 prime?
False
Is 45865494529 a prime number?
True
Is 1843059847 prime?
True
Is 35079378611 prime?
True
Is 2481842283 composite?
True
Is 15900570041 prime?
True
Is 1107986731 a composite number?
True
Is 978836843 a prime number?
True
Is 162053929873 prime?
False
Is 63753436921 composite?
True
Is 17192767 a prime number?
True
Is 5694444841 a composite number?
False
Is 37381930639 prime?
False
Is 21102374717 prime?
True
Is 797661041 a composite number?
True
Is 252344321 prime?
True
Is 2707967023 prime?
True
Is 1600155523 prime?
True
Is 61205998679 a composite number?
True
Is 3030036523 a composite number?
True
Is 100964569 prime?
False
Is 142666424513 prime?
True
Is 9450070277 prime?
False
Is 1340875181 a prime number?
False
Is 1361952421 a composite number?
False
Is 1398592277 prime?
False
Is 23644924541 a composite number?
True
Is 4171863197 prime?
True
Is 1089721043 a prime number?
True
Is 74789609249 prime?
True
Is 32758843 composite?
True
Is 905908001 composite?
False
Is 770582279 composite?
True
Is 127100357 prime?
True
Is 868211537 a composite number?
False
Is 137840743 a composite number?
True
Is 63588714539 composite?
True
Is 446644309 prime?
False
Is 21762868493 a prime number?
False
Is 152410151359 a composite number?
True
Is 6663841493 a prime number?
False
Is 4837422103 a prime number?
True
Is 60329384623 a composite number?
False
Is 81885593 composite?
True
Is 404731631 composite?
True
Is 1583483669 a prime number?
False
Is 19309219381 a composite number?
False
Is 982772513 composite?
False
Is 117336035939 prime?
True
Is 157480111 a composite number?
False
Is 171334801 prime?
False
Is 547056197 a prime number?
True
Is 390872318 prime?
False
Is 620200537 prime?
False
Is 4941596243 a composite number?
False
Is 2963266127 composite?
False
Is 4534463951 composite?
False
Is 1233079787 composite?
False
Is 7375287809 composite?
False
Is 11866510991 a composite number?
False
Is 3830654627 prime?
True
Is 2924987743 prime?
False
Is 36841775431 a composite number?
True
Is 203136797 a composite number?
True
Is 16216129091 prime?
True
Is 2021089529 a prime number?
True
Is 1294000973 a prime number?
False
Is 489595069 a prime number?
False
Is 332705309 a composite number?
True
Is 3104976907 a prime number?
True
Is 42261259217 a composite number?
False
Is 37066455331 composite?
True
Is 395415187 prime?
False
Is 3020110967 prime?
True
Is 51051722077 prime?
True
Is 240834660481 composite?
False
Is 25449272351 prime?
True
Is 866417927 prime?
False
Is 112793027 prime?
True
Is 1443019029 prime?
False
Is 824968517 a 